*3 + 31*o**2 + 3*o - 6. What are the prime factors of b(-21)?
3, 1447
Suppose -x + 170 = 63. List the prime factors of x.
107
Let m = 2 - -6. Suppose m*u = 6*u + 42. What are the prime factors of u?
3, 7
Let l = 56 - -79. What are the prime factors of l?
3, 5
What are the prime factors of 3228/((-2)/4 + 2)?
2, 269
Suppose -4*i = 2 + 2. Let o be (-28)/(-98) + (-46)/14. What are the prime factors of (i/o)/(7/777)?
37
Suppose 4*x + 3*x = 70. List the prime factors of (-2)/x + ((-1536)/15)/(-2).
3, 17
Let o(n) = -n**3 - 11*n**2 - 10*n + 3. Let c = 32 - 42. What are the prime factors of o(c)?
3
Suppose -4*i = -5*w - 35, -14 = -2*w - 2*i - 2*i. Let j be (3/(-2))/(w/2). List the prime factors of ((-92)/8)/(j/(-2)).
23
Let p = 245 - 26. Suppose 0 = 3*l - l + y - p, y + 111 = l. What are the prime factors of l?
2, 5, 11
Let k be -2*(4 + -1 - 169/26). Suppose -1140 = -5*t - k*t. List the prime factors of t.
5, 19
Let i = 3809 + -1507. List the prime factors of i.
2, 1151
Suppose 3*w + 3*n - 1677 = 0, 0 = -5*w - 4*n + 1146 + 1652. What are the prime factors of w?
2, 281
Suppose 105*y - 116*y + 6094 = 0. What are the prime factors of y?
2, 277
What are the prime factors of (8 + 0 + -6)*4*10?
2, 5
Suppose -3*o + 5*r + 481 = -69, -3*r = -o + 182. Let l = 314 - o. What are the prime factors of l?
3, 43
Let y = -430 + 779. List the prime factors of y.
349
Suppose -42497 + 7763 = -21*l. List the prime factors of l.
2, 827
Let k(y) = -5*y**3. Let g be k(-1). Let h(a) = 4*a**2 - 9*a + 3. List the prime factors of h(g).
2, 29
Let c = -268 + 286. Let u = -3 - -5. Suppose u*v = c + 128. List the prime factors of v.
73
Let u = -8 + 12. Suppose -u*b + 21 = -b. Let n = 5 + b. List the prime factors of n.
2, 3
Suppose 3*m - 5*v + 15 = 0, 2*m - v - 15 = -6*v. Suppose -4*o + 8 + m = 0. Suppose -q + 81 = 5*a - o*q, -2*a + 22 = -3*q. List the prime factors of a.
17
Let i(a) = a**2 - 12*a + 11. Let q be i(11). Let h(z) = z**2 + 20. Let s be h(q). Let m = 30 - s. What are the prime factors of m?
2, 5
Suppose 8*k = 3*k. Let p(z) = -z**2 - z. Let s be p(k). Suppose s*m + 36 = 3*m. List the prime factors of m.
2, 3
Suppose 586 = x - 1607. What are the prime factors of x?
3, 17, 43
Let j = 1507 + -997. What are the prime factors of j?
2, 3, 5, 17
Let i(p) = -281*p - 33. What are the prime factors of i(-2)?
23
List the prime factors of ((-14)/(-70))/((-1)/(-3205)).
641
Suppose 380 = 5*h + 80. Suppose d - 3*p + 81 = -2*d, 0 = -3*d - 4*p - h. Let x = d + 34. What are the prime factors of x?
2, 5
Suppose 3*x + t = 5*t + 20, -5*x = -5*t - 30. Suppose 4*m + x*m = 40. Suppose 4*w - 3*w - 34 = -m*b, b = -5*w + 194. List the prime factors of w.
3, 13
Let n = 188 - 724. Let u = n - -759. What are the prime factors of u?
223
Let q(t) be the third derivative of -t**5/60 + 9*t**4/8 + 11*t**3/6 + 9*t**2. List the prime factors of q(6).
137
List the prime factors of (-24 + 27)/(3/205).
5, 41
Suppose -2*f + 6908 = 4*z, -18*f - 2*z - 13866 = -22*f. List the prime factors of f.
2, 433
Suppose -4*h = 4*h - 16. Suppose -513 = -h*y + 27. Suppose -4*b + y = 2*b. What are the prime factors of b?
3, 5
Suppose -9*j - 220 = 11*j. Let n = j - -108. List the prime factors of n.
97
Let h(b) = -3*b - 16. Let q be h(-7). Suppose 0*k - 3*x + 24 = 3*k, -3*k - q*x = -34. What are the prime factors of k?
3
Let h(v) = 4*v**2 - 16*v + 54. Let q be h(-18). Suppose q = -0*z + 14*z. List the prime factors of z.
3, 13
Suppose -163 - 125 = 3*z. Let t = z - -141. List the prime factors of t.
3, 5
Let s(x) = x**2 - 4*x - 3. Let p be s(6). Suppose 2*l = -2*h + 12, -3*l + 2 = 2*h - 12. Suppose -p = m - h*m. List the prime factors of m.
3
Suppose 4*p = -5*v + 4114, -3*p + 3285 = 4*v - 6*p. Suppose 3*x + 5*l - 501 = 0, -3*x - 2*x - 4*l = -v. What are the prime factors of x?
2, 3
Let s(z) = -z - 5. Let t be s(-3). Let i = t - -7. Let v(g) = 3*g + 5. List the prime factors of v(i).
2, 5
Suppose -4434 = -20*w + 2586. List the prime factors of w.
3, 13
What are the prime factors of (10/25)/(-5*2/(-59200))?
2, 37
Let u(p) = -2*p - 11. Let v be u(-9). Let d be (-3)/(-21) + (-1)/v. Let g(h) = -h**3 + h**2 + h + 27. What are the prime factors of g(d)?
3
Suppose -2*t + i - 8 = 0, -3*t - 4*i = -i - 6. Let h be (5/t + 2)*2. What are the prime factors of (h + (-62)/(-4))*2?
29
List the prime factors of 3 - -862*((-65)/(-10) - 5).
2, 3
Let a(l) = l**2 + l - 2. Suppose -4*u = -20 + 40. What are the prime factors of a(u)?
2, 3
Suppose -5*a + h = -3286, 2*a + 2*h = h + 1320. List the prime factors of a.
2, 7, 47
Let q = 185 + 300. What are the prime factors of q?
5, 97
Suppose -5*x + 10*x + 2925 = 4*p, -4*x + 3687 = 5*p. What are the prime factors of p?
3, 5, 7
Suppose 0 = -3*x + 14 - 5. Suppose -228 = -f - x*f. List the prime factors of f.
3, 19
Suppose j - 407 = -5*g, -178 = -2*j - g + 681. What are the prime factors of j?
2, 3
List the prime factors of 2/12 - 662928/(-288).
2, 1151
Let s be (-6)/4*(4 + -2). What are the prime factors of (-2)/s*123 + -2?
2, 5
Let w(m) = -4*m**3 + 9*m**2 - 8*m - 130. List the prime factors of w(-7).
37, 47
List the prime factors of (-36030)/50*10/(-6).
1201
Let r be ((-66)/7)/((-17)/476). Suppose 9*p - p = r. What are the prime factors of p?
3, 11
Let q = -824 + 4859. List the prime factors of q.
3, 5, 269
Suppose 4*w + 5*a = 30, a - 1 - 1 = 0. Suppose -w*x - 178 - 67 = 0. Let v = x - -72. List the prime factors of v.
23
Suppose 6*p - p - 14 = -2*y, 2*y + 2 = 3*p. List the prime factors of -1 + (67 - 2/y).
5, 13
Let w = 1250 - 830. Suppose -w = -8*f + 2*f. List the prime factors of f.
2, 5, 7
Suppose -5*a + 11 - 1 = 0. Suppose -a*n = 4*n - 60. List the prime factors of n.
2, 5
Suppose 27*w - 5327 - 21133 = 0. What are the prime factors of w?
2, 5, 7
Suppose 12*g = -1001 + 3521. What are the prime factors of g?
2, 3, 5, 7
Let r = -11 + 9. Let l be r + (1 - 3) + 2. What are the prime factors of 17/1 - (0 + l)?
19
Let h(x) = 20*x + 12. Let j be h(5). Suppose j = 2*w - 48. List the prime factors of w.
2, 5
Let y be (-3 - -58 - -2)*(-1)/3. Suppose -l - 216 = 3*l. Let x = y - l. List the prime factors of x.
5, 7
What are the prime factors of 2/5 - (7 - (-9824)/(-40))?
239
Let t(h) = h**3 - 2*h**2 - 8*h + 7. Let v be t(6). Suppose v = -3*p + 25. Let f = p - -39. What are the prime factors of f?
13
Let r(s) = 2*s**3 - 2*s**2 + 8. Suppose 5*b - 5*x = 0, -5*x - 11 = 2*b - 39. List the prime factors of r(b).
2, 13
Let y(q) = q**2 + 4*q + 7. Let u be y(-5). Suppose 15 = u*a - 7*a. Suppose -5*d + 97 = a*m, 5*m = -d - 53 + 200. List the prime factors of m.
29
Suppose 0 = -225*t + 229*t - 588. List the prime factors of t.
3, 7
Let f(n) = 118*n - 126. What are the prime factors of f(18)?
2, 3, 37
Let g(n) be the first derivative of n**3/3 - 3*n**2/2 + 8*n + 6. Let t be g(10). Let u = t + -53. List the prime factors of u.
5
Suppose 4*i - i = 2*h - 11, 8 = h - 2*i. Let l be (-2)/(26/(-14) - h). Let p = -5 - l. List the prime factors of p.
3
Suppose -4*b + 208 = -0*b. List the prime factors of 2/(-1) - (-1 - b).
3, 17
Let m = -21 - -17. What are the prime factors of 18/m*7*(-2)/3?
3, 7
Let d = 547 + -72. What are the prime factors of d?
5, 19
Let c = -5 - -21. Let n be c/12 + (-4)/(-6). Suppose 20 = 2*w + 4*a + n, -2*a = 6. What are the prime factors of w?
3, 5
Let x(c) = 137*c. Let b be x(1). Let w = 325 - b. List the prime factors of w.
2, 47
Let m(j) = -2*j**3 - 5*j**2 + 7*j. Let r be m(-5). List the prime factors of 2/9 + 1060/r.
2, 3
Suppose -5*s = 3*v - 1154, 5*s + 296 + 818 = 3*v. Suppose -23 = 5*h - v. List the prime factors of h.
71
Let t = 4721 - 1778. What are the prime factors of t?
3, 109
Suppose -5 = -2*g - 1. Suppose -19*z = -20*z + 2. Suppose -3*f + 8*f + z*d - 99 = 0, -4*d = g*f - 46. What are the prime factors of f?
19
Suppose -3*w + 136 = -3*l - 1715, -625 = -w - l. List the prime factors of w.
3, 23
Let j(n) = 6*n**2 - 15*n + 12. What are the prime factors of j(8)?
2, 3, 23
Let c(q) be the third derivative of 1/24*q**4 + 0*q + 3*q**2 + 0 + 25/6*q**3. List the prime factors of c(-12).
13
Suppose 3*i - 5*g = 837, -6*g - 12 = -2*g. Let p = 194 - i. List the prime factors of p*2/(-5)*1.
2
What are the prime factors of ((-254)/6*1)/(43/(-129))?
127
What are the prime factors of (-7)/((-15)/168*(-1)/(-60))?